 the remainder when l is divided by h?
28
Let s(l) = -l**3 - 36*l**2 - 3*l - 93. Let t be s(-36). What is the remainder when 6/t + (-6766)/(-85) is divided by 5?
0
Let n = 7117 + -6896. What is the remainder when 807 is divided by n?
144
Let z = -6040 + 6099. Calculate the remainder when 69 is divided by z.
10
Let c = 34 - -33. Suppose -i + 18 = 3*k + 11, -19 = -3*k + 5*i. Suppose 0 = -5*d + k*b + 161, -3 = -2*b + 3. Calculate the remainder when c is divided by d.
33
Let r(w) = 0*w - 9*w**2 - w - 5*w - 1 + 8*w**2. Let v be r(-3). Suppose v*u - 52 = 52. Calculate the remainder when u is divided by 4.
1
Let i = -97 - -173. Let d(j) = j**3 - 10*j**2 - 5*j + 20. Let w be d(10). Let f = w + 69. What is the remainder when i is divided by f?
37
Let z = -1351 + 2561. Calculate the remainder when z is divided by 153.
139
Let c = 1033 + -609. Let k = c + -300. What is the remainder when k is divided by 33?
25
Suppose 5*b = 3*u + 7, 5*u = 4*u + 5*b + 1. What is the remainder when 87 is divided by u/14 - 4430/(-70)?
24
Suppose -5*r + 7 = -2*m, 3*m - 3*r + 1 = 4. Let y(g) = -g**2 + 3 - 7 + 6 - m - 18*g. What is the remainder when y(-15) is divided by 25?
18
Suppose -184 = -5*w + 323*p - 321*p, 5*p = 15. Calculate the remainder when w is divided by -2 - (-2 + -1) - -11.
2
Let i(d) = -73*d + 368. What is the remainder when 329 is divided by i(3)?
31
Suppose 5005*a - 4983*a - 3520 = 0. What is the remainder when 1452 is divided by a?
12
Let u(z) = -z**3 + 6*z**2 - 4*z - 13. Let d be u(4). Suppose -3*h = c - 10, -d*c - 4*h + 20 = -25. Calculate the remainder when 25 is divided by c.
6
Suppose -35*g + 27*g = 3216. Let r = g + 466. Calculate the remainder when r is divided by 22.
20
Let v = 126 + -126. Suppose v = -49*n + 7*n + 966. Calculate the remainder when 804 is divided by n.
22
Let q = 14326 - 14311. What is the remainder when 1/3 - (-284)/12 is divided by q?
9
Let y = -11759 - -11765. What is the remainder when 6237 is divided by y?
3
Suppose 0 = -2*b - 3*o + 2182, 0*o = -2*b + 2*o + 2212. Calculate the remainder when b is divided by 92.
88
Let j = -20360 - -20382. What is the remainder when 105 is divided by j?
17
Suppose -2*o = 2*j - 792, o - 2*j - 3*j - 384 = 0. Let t = o - -495. Calculate the remainder when t is divided by 33.
31
Let j be (1 - 1)*(-11)/(-22). Suppose j = 2*h - 9*h + 28. Suppose -7 = -5*b + z + 7, b = -h*z - 14. What is the remainder when 3 is divided by b?
1
Let d = 6203 - 5317. What is the remainder when d is divided by 81?
76
Suppose 0 = -3*l + 4*l + 2*z - 6, -5*l = -3*z + 9. Calculate the remainder when (1 - -1) + -1 + 58 is divided by (-1360)/(-112) + (-1)/7 + l.
11
Let u = -15 - -15. Suppose -5*i = -u*i - 5*n + 5, 0 = -2*i + n. Let p(k) = 15*k**2 + 5*k - 4. Calculate the remainder when 31 is divided by p(i).
15
Suppose 3*n - 20*n = -3*n - 1036. What is the remainder when 659 is divided by n?
67
Suppose -a - 4*y = -131, -2*a + 379 = a + 5*y. Let q = -72 + a. Suppose 0 = -2*c - 4*u + 36, -4*u = -2*u. Calculate the remainder when q is divided by c.
15
Let z = -441 - -945. Let g = 523 - z. Calculate the remainder when 182 is divided by g.
11
Suppose y + 4*i = 24, 62 - 106 = -3*y + 2*i. Calculate the remainder when 332 is divided by y.
12
Suppose a + 3*k - 634 - 138 = 0, 774 = a + 4*k. Calculate the remainder when a is divided by 177.
58
Let p be (-64)/(-20) - 5/25. Suppose -3*f - p*l - 2*l = -191, l = 3*f - 185. Let u = 11 + 5. Calculate the remainder when f is divided by u.
14
Suppose -15*b + 28266 = 2571. What is the remainder when b is divided by 426?
9
Suppose 0 = -17*l - 9 + 94. Suppose y - 2*y - p = -29, -l*y = 3*p - 155. What is the remainder when y is divided by 3?
1
Suppose 0 = 2*d - 141 - 11. Suppose 2*c - 20 - d = -4*i, 5*c + 48 = 2*i. Calculate the remainder when (i/(-16))/(-3*3/444) is divided by 11.
8
Suppose -38*m = -27*m + 845 - 3639. What is the remainder when m is divided by 143?
111
Suppose 0 = -16*v - 526 + 2099 + 699. What is the remainder when 488 is divided by v?
62
Let h = 24 + -18. Suppose 0 = -0*z - h*z + 3*z. Suppose 0*q - 7*q + 357 = z. What is the remainder when q is divided by 18?
15
Suppose 0 = -4*n + 8*n - 132. Calculate the remainder when n is divided by (-13)/((-117)/108) + -8.
1
Let f(i) = 2*i**3 + 6*i**2 - 5*i - 7. Suppose j + 3*s = -25 + 28, -7 = j - 2*s. Calculate the remainder when 157 is divided by f(j).
5
Let h = -11746 + 32101. What is the remainder when h is divided by 234?
231
Let r = 62 - 45. Let y = 0 + r. Let x = 22 - y. What is the remainder when 19 is divided by x?
4
Suppose 5*t - 304 = t. Suppose -r = 5*c - 6*r - 135, -3*c - 2*r + t = 0. What is the remainder when 13 is divided by 8/6 - c/(-39)?
1
What is the remainder when (-9 - 46/(-6))/(6/171)*-2 is divided by 49?
27
Suppose -3*c = 2*z + 2*z - 490, 5*c - 786 = z. What is the remainder when 396 is divided by c?
80
Suppose 5*o - q = 2, 4*o + 5*q = 2*o - 10. Suppose o = -h + 3*a + 57, a = 8*h - 13*h + 349. What is the remainder when h is divided by 12?
9
Let i = 26 - 69. Let h = i + 22. What is the remainder when (6 + 0)/(-2)*77/h is divided by 7?
4
Suppose -17*d = -15*d - 952. Suppose 35*h - 1029 = d. Let l = 28 + -17. Calculate the remainder when h is divided by l.
10
Suppose 15*t - 430 + 160 = 0. Let q(w) = 4*w**2 + 5*w - 6. What is the remainder when q(-5) is divided by t?
15
Suppose c + 5 = -0*o - o, c + 2 = -4*o. Let i = 55 - 38. What is the remainder when i is divided by 12/2*((-8)/c)/1?
1
Let s(t) = -4*t - 15. Let a be s(-5). Suppose a*o - 40 - 5 = 0. Calculate the remainder when (-3 - 4/(-2))*-107 is divided by o.
8
What is the remainder when 1296 is divided by (0 - -5052)/4 - -9?
24
Suppose -5*y = -y - 160. Suppose -33*f - 4144 = -137*f - 8*f. Calculate the remainder when y is divided by f.
3
Suppose 1 = b, 2*p + 2*b - 17 = -p. What is the remainder when 86 is divided by 9*160/24*2/p?
14
What is the remainder when 254 is divided by 200/40 + 46 + 12/3?
34
Let b = -165 + 153. Let r = b + 29. What is the remainder when 271 is divided by r?
16
Let l(m) = -3*m**3 + m**2 - 2. Calculate the remainder when ((-56320)/(-3584) + (-2)/(-56))*4 is divided by l(-2).
11
Suppose -25*k = -18*k - 2184. Suppose -41*p + k = 25. Let b = 12 - -21. Calculate the remainder when b is divided by p.
5
Let c(j) = j**2 - 65*j + 1108. What is the remainder when c(47) is divided by 127?
8
Suppose 51*x - 19719 = 13380. Let c = x - 606. Calculate the remainder when 160 is divided by c.
31
Suppose 2 = 4*t - 3*y, t - y - 8 = -4*t. Suppose -q - 2*q - 350 = -5*m, t*m - 161 = -3*q. Calculate the remainder when m is divided by 31.
11
Let b(k) = -45 - k + 1 + 10*k. What is the remainder when 129 is divided by b(7)?
15
Calculate the remainder when ((-902)/(-33))/((-68)/(-510)) is divided by -7*2/14*-48.
13
Calculate the remainder when 11386 is divided by 656 + -643 + 36*5.
192
Suppose -11*z + 12*z - 116 = 0. Let u = 115 - z. What is the remainder when 2618/110 - u/5 is divided by 13?
11
Let b = 8953 + -6849. Calculate the remainder when b is divided by 75.
4
Suppose -o - 4*a + 22155 = 0, -847*o = -842*o - a - 110880. Calculate the remainder when o is divided by 96.
95
Suppose 4*k - 4*q = -6*q + 2770, k + 2*q = 691. Let w = k - 597. Calculate the remainder when w is divided by 5.
1
Suppose -15*c - 67*c + 628218 = 71*c. What is the remainder when c is divided by 98?
88
Suppose -2*r + 1359 = 3*a, -5*r + a = -8*r + 2063. What is the remainder when r is divided by 687?
3
Let c(r) = 3*r**2 - 117*r + 544. What is the remainder when c(45) is divided by 35?
24
Let j = 430 + -426. What is the remainder when 249 is divided by j?
1
Let b(p) = p**3 + 14*p**2 + 12*p - 6. Let j be b(-13). Let k(u) = u - 18. Let o be k(j). What is the remainder when 41 is divided by o - -15 - (-7)/1?
8
Suppose -9*x + 13*x - 60 = -4*p, 0 = 2*x + 4*p - 24. What is the remainder when 101 is divided by x?
11
Calculate the remainder when 182 is divided by (-4)/(80/(-1420)) + -24.
41
Let c = -5504 - -5633. What is the remainder when 1545 is divided by c?
126
Suppose 27 = -8*z + 83. Suppose -z*o = -13*o + 1338. Calculate the remainder when o is divided by 16.
15
Let l = -188 - -188. Suppose 31*v - 21*v - 170 = l. What is the remainder when 50 is divided by v?
16
Let b(i) = 56*i**2 + 21*i + 25. What